 74.
73
Suppose -20 = -2*l + 2*y, 0*l + 2*l - 14 = 4*y. What is the remainder when (-49)/7 - -10 - (-18 - 2) is divided by l?
10
Let j = -6 - -10. Suppose -2*b = -j*h + 3*b + 34, 8 = 4*b. Let r = 40 - 33. Calculate the remainder when h is divided by r.
4
Suppose -2*l + 21 = -47. Let u(j) = 13 - 19 - 21 - 23*j + 13*j + j**2. What is the remainder when l is divided by u(13)?
10
Let h(w) = 2*w**2 - 7*w + 8. Let k(n) = -6*n**2 + 20*n - 23. Let a(b) = -11*h(b) - 4*k(b). What is the remainder when (23/5)/(6 - 5)*5 is divided by a(3)?
10
Let v be 24 - (4/12)/((-1)/(-9)). Suppose 0 = -17*q + v*q - 960. What is the remainder when q is divided by 61?
57
Suppose 5*q = 25 + 65. What is the remainder when 8/(6 - 2 - (-66)/(-17)) is divided by q?
14
Suppose -2*z - 2 = -4*z. Let h be ((-3 - -4) + z)*2. Suppose 4*p - 13 = 5*q, -4*p + h*q = q - 11. Calculate the remainder when 3 is divided by p.
1
Let u(r) = -57*r**3 + r**2 - 1. Suppose -20*j + 5 = -15*j. Let w(p) = 14*p**3 + 2*p**2 + p - 2. Calculate the remainder when u(-1) is divided by w(j).
12
Let v(y) = y**2 - 6*y + 5. Let r be v(6). Let z(j) = 2*j - 25. Let m be z(20). Calculate the remainder when r/2*192/m is divided by 11.
10
Let t = 20 - 16. Suppose 43 = t*x + x + 3*m, -2*m = -2*x + 14. Let u(r) = r**3 - r**2 + 2*r - 2. Calculate the remainder when u(3) is divided by x.
6
Let g(j) = j**3 + 8*j**2 - j - 21. What is the remainder when g(-7) is divided by 29?
6
Suppose 10*q - 30695 + 30315 = 0. Calculate the remainder when q is divided by (3/(-6))/((-1)/26).
12
Let u(d) be the third derivative of -d**5/60 - 5*d**4/8 + 7*d**3/6 + d**2. Let v be 14*5/20*(-40)/10. What is the remainder when 61 is divided by u(v)?
19
Suppose -4*g = -5*g, -964 = 4*l - 2*g. Let v = 341 + l. What is the remainder when v is divided by 51?
49
Suppose 3*h + 130 = 427. Let q = 45 - 35. Calculate the remainder when h is divided by q.
9
Suppose -11*y = -17*y + 84. What is the remainder when 19 is divided by -3*10/(-105) - (-80)/y?
1
Let o(c) = 3*c + 6 - 3*c + c. Let s be o(-10). Calculate the remainder when 16 is divided by -2*6/s - -7.
6
Suppose 3*l = -4*z + 1, 3*z - z = -4*l + 8. Suppose -l*g = v + g + 11, -5*g - 20 = 0. What is the remainder when 8 is divided by v?
3
Suppose 31 = 3*h - 53. Calculate the remainder when -7 - (-134 + -3) - -5 is divided by h.
23
Let l(a) = -19*a**3 - 5*a**2 - 3*a - 4. Let w(y) = 39*y**3 + 9*y**2 + 5*y + 7. Let x(j) = -11*l(j) - 6*w(j). What is the remainder when 71 is divided by x(-1)?
21
Let c(g) = -5*g + 102. Calculate the remainder when 460 is divided by c(5).
75
Suppose p + 2*p = 2*i - 38, 0 = p + 3*i - 2. Let b = 5 - 4. Calculate the remainder when (-24)/p - 2/5 is divided by b.
0
Let h(z) = -z**2 - 7*z + 8. Let o = 31 + 99. Let a = o - 105. What is the remainder when a is divided by h(-6)?
11
Suppose -2*j - 2*j - 5*c = -33, 2*c - 18 = -2*j. Suppose j = 3*s - 0. Suppose -s*k = 8 - 44. What is the remainder when 42 is divided by k?
6
Suppose -3*s - 5*d - 14 = -d, -3*d = 3*s + 18. What is the remainder when -2 - 1653/(-15) - (-2)/s is divided by 10?
8
Let z = -218 + 149. Let u = 133 + z. Calculate the remainder when u is divided by 22.
20
What is the remainder when 170 is divided by (2/4)/(10/460)?
9
Let i = 67 + -48. Let a(p) = -p + 45. What is the remainder when 75 is divided by a(i)?
23
Suppose -y - 4*i + 136 = 0, 11*y + 399 = 14*y + 3*i. Calculate the remainder when y is divided by 73.
59
Suppose 0 = -14*o + 599 - 221. What is the remainder when 212 is divided by o?
23
Let o be 4/3*(-6)/(-8). Let r = 10 - -3. What is the remainder when o - (12/4 - 25) - -1 is divided by r?
11
Suppose 2*p + 3*a - 2*a = -247, 0 = 3*p + a + 373. Calculate the remainder when 194 is divided by (-200)/(-7) + 72/p.
26
Suppose -3*p = -p - 36. What is the remainder when 75 is divided by (52/(-6))/(p/(-81))?
36
Suppose 0 = -16*z + 2625 - 129. Calculate the remainder when z is divided by 4/10 - (-158)/5.
28
Suppose 3*a + 20*p = 15*p + 158, -2*a + 4*p + 76 = 0. Calculate the remainder when 733 is divided by a.
43
Suppose -63*i + 56*i = -308. What is the remainder when 75 is divided by i?
31
Let h(n) = 4*n**3 + n**2 + 6*n + 15. Calculate the remainder when 3119 is divided by h(0).
14
Suppose -5*s + 15 - 20 = 0. Let u = 26 - s. What is the remainder when 105 is divided by u?
24
Let a = 24 + -21. Suppose -a*c = 5*m - 508, m + 4*c = 4*m - 299. Calculate the remainder when m is divided by 26.
23
Suppose 3*b = -r + 31, -36 = -r + 51*b - 55*b. Calculate the remainder when 149 is divided by r.
5
Let a(m) = -16*m - 6. Let u be a(-9). Suppose 3*h = -4*i + 597, -i - 2*h - h = -u. What is the remainder when i is divided by 39?
36
Let s be -27 + -1 + (-20)/(-4). Let n = -20 - s. Suppose 0 = -4*r + m - 0*m + 93, n*m - 7 = -r. Calculate the remainder when r is divided by 13.
9
Suppose 4*i = -2*m + 256, -2*m - 2*i + 6*i + 264 = 0. Let w be 4/18 + m/(-18). Let p(s) = s**3 + 8*s**2 + 8. Calculate the remainder when p(w) is divided by 10.
7
Let b(j) be the second derivative of -j**3/6 + 21*j**2/2 + 9*j. Suppose 2*y - 5*y + 66 = 0. What is the remainder when y is divided by b(13)?
6
Suppose -2*q + 10 = 2*a, -25 = -5*a + q - 3*q. Suppose 6 = a*g - 39. Calculate the remainder when 78 is divided by g.
6
Let l = 2311 - 2175. What is the remainder when l is divided by 16?
8
Suppose -5*a = -c + 2*c + 55, 2*a + 45 = -5*c. Let s = a + 7. What is the remainder when 28 - (2 + (s - 2)) is divided by 8?
7
Suppose 20*d - 16*d - 616 = 0. Suppose -2*v - 5*v = -d. Calculate the remainder when v is divided by 8.
6
Let n = -1561 + 1586. What is the remainder when 231 is divided by n?
6
Suppose -3*y = -x - 4*y + 25, 4*x = -3*y + 97. Let k = 167 - 269. What is the remainder when x is divided by 4/6 + k/(-9)?
10
Let o = 45 - 64. Let x = o - -32. Let q = -163 + 201. What is the remainder when q is divided by x?
12
Let l = -902 - -933. Calculate the remainder when 121 is divided by l.
28
Let s = 21 + -10. Calculate the remainder when -8*(-5)/(-20)*50/(-4) is divided by s.
3
What is the remainder when (-7)/(-2)*480/42 is divided by 15?
10
Suppose 4 = -2*r + 3*r. Suppose 0 = -r*t + 21 - 1. Calculate the remainder when 12 is divided by t.
2
Let i(u) = -3*u - 21. Let o(v) = 5*v + 15. Let l be o(-5). What is the remainder when 35 is divided by i(l)?
8
Let w be (-71 - -7) + (0 - 1). Let k = -41 - w. Calculate the remainder when 43 is divided by k.
19
Let j(l) = 4*l**3 + 2*l**2 + 3*l - 4. Let v be j(1). Suppose u = -6*y + y + 418, -v*y = -2*u - 409. What is the remainder when y is divided by 29?
25
Suppose -455 = -27*m + 20*m. What is the remainder when m is divided by 22?
21
Let x = 48 + -33. Calculate the remainder when 166 is divided by (-18)/(30/8*(-3)/x).
22
Let x(y) = 10*y + 110. Calculate the remainder when x(11) is divided by 52.
12
Let w = 955 + -939. What is the remainder when 27 is divided by w?
11
Suppose 58 = -3*b + h + 463, 0 = -5*b - 3*h + 661. What is the remainder when b is divided by 71?
63
Let f(o) = -o**2 + 9*o - 11. Let v be f(5). Calculate the remainder when 1/4 - v*95/(-20) is divided by 9.
7
Let d(v) = 2*v - 38. Let c be d(23). Calculate the remainder when 46 is divided by 20 - c*(-2)/(-4).
14
Suppose -18*o = -286 - 560. What is the remainder when o is divided by 43?
4
Suppose 0 = -4*a - 2*h + 45 + 11, 0 = -a + h + 17. Calculate the remainder when 42 is divided by (2 + (-21)/a)*20.
6
Let j = -85 + 34. Let b = j - -63. Calculate the remainder when 46 is divided by b.
10
Let y(m) = 8*m - 11. Let p(h) = -16*h + 22. Let j(o) = 2*p(o) + 5*y(o). Let b be 147/14*2/3. Calculate the remainder when j(b) is divided by 12.
9
Suppose 5*h - 65 - 45 = 0. Let j = 52 - 11. What is the remainder when j is divided by h?
19
Let w be 1 + 1*(-2)/(-1). What is the remainder when (w*376/96)/((-2)/(-8)) is divided by 10?
7
Suppose 5*g - 4*b = 4*g - 6, b + 9 = -5*g. Calculate the remainder when 69 is divided by g/(-8) + (-190)/(-8).
21
Suppose 0 = 33*m - 115 - 248. Calculate the remainder when 27 is divided by m.
5
Let y(l) = 2*l**2 - 7*l + 5 + 9*l + 5*l. Let g = 41 - 45. Calculate the remainder when 15 is divided by y(g).
6
Calculate the remainder when 31 is divided by 27/(-3)*(-4)/(9 - 5).
4
Let t(i) = -4*i + 4 + i - 7*i + 3*i. Let m be t(-5). Suppose 0 = -3*u + 6*